at is the tens digit of j(x)?
8
Suppose n - 10 + 8 = 0. Suppose 2*c = -n*x + 150, x + 1 = -2. What is the units digit of c?
8
Let r(o) = 32*o**3 + 2*o**2 + o + 2. What is the tens digit of r(4)?
8
Suppose -3*q + 5*q - 2 = 0, 4*c + 52 = -4*q. Let x(k) = -14*k - 29. What is the tens digit of x(c)?
6
Suppose 15 - 3 = 3*v. Suppose -f + 2*m = -51, v*f + 2*m - 285 = -91. What is the units digit of f?
9
Suppose -4*h + 6*h = f + 400, -h = -2*f - 206. What is the units digit of h?
8
Suppose 4807 + 5148 = 11*k. What is the hundreds digit of k?
9
Let z(v) = 8*v**2 - 63*v - 7. What is the tens digit of z(13)?
2
Let l(g) = -g**3 - 3*g**2 + 8*g - 6. Let h be l(-5). Suppose 4*a - 116 = -3*s, -116 = -h*a - 8*s + 3*s. What is the tens digit of a?
2
What is the hundreds digit of ((-4)/(-2))/2 - (-2 + -1636)?
6
Let k(p) = p - 5. Let z be k(0). Let j = z + 7. Suppose -15 = -5*o - 5*v, 2 = j*o - v + 5*v. What is the units digit of o?
5
Let z(b) = 5*b**2 - 26*b + 58. What is the tens digit of z(17)?
6
Let f be (-7 + 11)*(0 + 1). Suppose -2*m = -f*m. Suppose m*q + 3*q = 15. What is the units digit of q?
5
Let y be 5/10*(-2 + 10). What is the hundreds digit of ((-25)/(-5) + y)/((-1)/(-31))?
2
Suppose 3*m + 0*m + 3*u - 1065 = 0, 25 = 5*u. What is the units digit of m?
0
Let b(g) = -1. Let a(i) = i + 26. Let j(y) = a(y) - b(y). What is the tens digit of j(0)?
2
Let h = 3 + 1. Let c be (16/(-5))/h*-5. Suppose -111 = z - c*z. What is the tens digit of z?
3
Let p be 1 + 3 + (-1704)/(-3). Let s = p - 267. What is the tens digit of s?
0
Let m(s) = -7*s**3 + s**2 + 4*s + 17. Let y be m(-4). Let c = y - 255. What is the hundreds digit of c?
2
Let c be (8/6)/((-18)/(-54)). Suppose -f - c = 3*l, l = -f + 4*f + 42. Let p = f + 27. What is the units digit of p?
4
Let b(k) = 37*k - 127. What is the units digit of b(7)?
2
Let c(a) = -4*a**2 + 4*a - 3. Let h be c(1). Let r be 1 - h/((-6)/(-74)). Let d = r + 5. What is the tens digit of d?
4
Let t(v) = 2*v**2 + 2*v - 2. Let n be t(-2). Suppose 48 = m + n*m. Suppose -3*q = -5*a + 108, -a + m = q - 3*q. What is the tens digit of a?
2
What is the tens digit of 1044/15 - 14/(-35)?
7
Suppose -1007 - 553 = -4*a + 4*j, -4*a + 1575 = j. What is the units digit of a?
3
Suppose -12 = -l - 0*l. Let w be (15/l)/((-2)/(-56)). Suppose -3*j + 5*v + w = -50, -2*j + 62 = 2*v. What is the units digit of j?
0
Suppose 4*d + m - 15201 = 0, -m + 861 = 2*d - 6740. What is the hundreds digit of d?
8
Let a(y) = -y**3 - 8*y**2 + 4. Let l be a(-8). Suppose -5*z + m + 514 = 0, -l*m + 3*m = -1. What is the hundreds digit of z?
1
Let s = 195 - 103. Let z = 226 - s. Suppose 5*c + 4*a - 121 = z, 5*a = 0. What is the units digit of c?
1
Suppose 0 = 4*o - 137 + 5. Let t be (-61)/(-1) - o/(-11). Suppose 0*k + 4*k = t. What is the units digit of k?
6
Suppose 2 = -3*l - 4. Let c be (l + 3)/(2/2). Suppose 3*a - 11 = g, 2*a - 11 + c = 0. What is the units digit of g?
4
What is the tens digit of 39/(6*(-4)/(-328))?
3
Suppose -8*n = -3*n - 1350. Let o = n + 24. What is the hundreds digit of o?
2
Let d(b) = -23*b**3 - 4*b**2 - 4*b + 7. Let k(y) = -1 + y - 12*y**3 + 4 - 2*y**2 - 2*y - y. Let j(n) = -4*d(n) + 9*k(n). What is the tens digit of j(-1)?
1
Let m be 18/(-2)*(-66)/6. Suppose -u + 5*y + 55 = 0, u - 3*u + m = y. What is the tens digit of u?
5
Let u(j) = 11*j**2 + 29*j - 8. Let b(n) = -32*n**2 - 87*n + 24. Let p(w) = -6*b(w) - 17*u(w). What is the units digit of p(-9)?
6
Let l(u) = -u**3 + 9*u**2 - 3*u - 11. Let c be l(9). Let p = c + 67. What is the units digit of p?
9
What is the units digit of (1 + -2 - 0)*-823?
3
Suppose a - 2*y - 1294 = 1367, -5*y - 10629 = -4*a. What is the hundreds digit of a?
6
What is the units digit of (226/8)/((10 + 1)/44)?
3
Suppose 4*s - 70 = -2*u + 196, -2*s - 4*u + 130 = 0. Suppose -2*w = -y - 6*w + s, 3*w = -6. What is the tens digit of y?
7
Suppose 0 = -4*h - 3*z + 4219, 0 = 4*h - 6*h + 4*z + 2126. What is the units digit of h?
7
Let p = 3285 + -1088. What is the thousands digit of p?
2
Suppose 5*o - 5*x = 205, -2*o + 5*x - 10*x + 103 = 0. What is the tens digit of o?
4
Suppose -8*p - 43 = -8651. What is the tens digit of p?
7
Let d(o) = -o. Let x be d(-6). Suppose -5*z = -3*t + 11, -5*z - 9 = -5*t + x. What is the units digit of (-3 + t)*(-27 - -2)?
5
Let h = -285 + 425. Suppose -5*l = -10*l + h. What is the tens digit of l?
2
What is the hundreds digit of (3/(2 - 5))/(24/(-28104))?
1
Suppose 0 = -5*x - 166 - 569. Let i = x - -390. What is the hundreds digit of i?
2
Suppose 5*c + 110 = -3*q - 2*q, 0 = 2*c + 5*q + 56. Let j = c - -65. What is the units digit of j?
7
Suppose -2*h + 4*y + 1798 = 0, 890 = h - 3*y - 2*y. What is the tens digit of h?
0
Let t(j) = 30*j - 47. What is the units digit of t(13)?
3
Suppose 2*g = 3*s + 5529, -4*g - s - 2*s = -11049. What is the thousands digit of g?
2
Let r be 3 - 3/(-9)*-9. Let b be -3 + r + 8 - 4. What is the units digit of b + -78*3/(-6)?
0
Let v(y) be the third derivative of y**6/120 - y**5/12 + y**4/24 - 5*y**3/6 + 5*y**2. What is the tens digit of v(6)?
3
Let d(i) = 7*i + 36. Let z be d(-14). What is the tens digit of z*(3 - (-11)/(-2))?
5
Suppose -10*t + 16 = -14*t. What is the tens digit of (-28)/(-8)*t/(-2)*8?
5
Suppose -2*s - 2553 = -2*q + 1807, -8720 = -4*q + 2*s. What is the thousands digit of q?
2
Let k be (3/(-3))/((-1)/25). Suppose 5*w + 4 = 4*g - g, 3*g = -3*w - 12. Let d = w + k. What is the tens digit of d?
2
Let s(y) = y**3 - 3*y**2 - 2*y - 4. Let g be s(4). Suppose -r + 4*k = 7, k - 4 = -g*r + 2. Let q(v) = 5*v**2 - v + 1. What is the units digit of q(r)?
5
Let k(g) = 17*g - 14. Let y(j) = j - 1. Let o be y(8). Let c be k(o). Suppose -12*u + 5*u + c = 0. What is the units digit of u?
5
Let a(j) = -14 + 2*j - 52*j**2 - 53*j**2 + 118*j**2 + j**3 + 8*j. What is the units digit of a(-11)?
8
Let u(x) = 116*x**2 + 181*x - 360. What is the units digit of u(2)?
6
What is the thousands digit of ((-9332)/16)/((-33)/(-12) + -3)?
2
Let t(q) = -q**2 - 16*q - 16. Let w(j) = -j + 1. Let n(i) = -t(i) - 4*w(i). What is the units digit of n(-21)?
3
Suppose 14816 + 309 = 11*k. What is the tens digit of k?
7
What is the units digit of (-1)/((-6)/(-2214))*4/(-6)?
6
Let u(d) = d**2 - 3*d + 8. Let t = -12 + 20. What is the tens digit of u(t)?
4
Suppose 12903 + 7194 = 21*y. What is the hundreds digit of y?
9
Let p = -111 + 171. Let a = 7 + 0. Suppose -a*c - p = -12*c. What is the units digit of c?
2
Let f be (-14)/1*(-1)/2. Suppose 2*p - f*p + 4*i - 53 = 0, 5*i = -5*p - 35. Let k(x) = x**2 + 4*x - 5. What is the units digit of k(p)?
0
Suppose 4*c + u = 15893, -4*c + 3*u + 18197 = 2324. What is the hundreds digit of c?
9
Let k(m) = 4*m**2 - 46*m + 102. What is the hundreds digit of k(19)?
6
Let q be 2/(12/15)*(-8)/(-10). Suppose -q*i - 2 = -260. What is the units digit of i?
9
Suppose 198 = -r + 52. Let j = -62 - r. What is the units digit of j?
4
Let r(c) = 2*c**2 + 16*c - 16. Let g be r(9). Suppose -73 = -o - m, -2*m - g = -4*o - 7*m. What is the tens digit of o?
7
Suppose 523 = 5*q + 113. What is the units digit of q?
2
Let g = 2 - 8. Let s(v) = 2*v**2 + 3*v. Let y be s(-4). Let f = y - g. What is the units digit of f?
6
Let n(v) = 2*v**2 + 11*v + 6. Let c(z) = -z**2 - 5*z - 3. Let b(w) = -13*c(w) - 6*n(w). Suppose -4 = 2*d - 12. What is the units digit of b(d)?
5
Let d(t) = -996*t**3 + t**2 + 3*t + 3. What is the tens digit of d(-1)?
9
Let m(x) = x + 10. Suppose -5*n - 4*r = -5, 5*r + 0*r = 5*n - 50. Suppose 0*g - p - 31 = n*g, -9 = g + 3*p. What is the units digit of m(g)?
4
Suppose 833 = 6*t + t. Suppose -2*y + u = -t, y = 2*u + 7 + 45. What is the tens digit of y?
6
Let n(t) = -t**3 + 10*t**2 + 13*t + 14. What is the hundreds digit of n(9)?
2
Let s(u) = -2*u - 11. Suppose 0 = 2*a + 7 + 5. Let x be s(a). What is the units digit of ((-6)/12)/(x/(-24))?
2
Let j(s) = 5*s - 2. What is the units digit of j(6)?
8
Suppose a - 3 = 0, -3*f + 0*f - 54 = 4*a. Let m = f + 53. Let u = m + -16. What is the tens digit of u?
1
Suppose 0 = -0*j + 3*j - 849. What is the hundreds digit of j?
2
What is the hundreds digit of 2796 - -8*(-45)/72?
7
Suppose -4*b - 474 = -2*s, 3*s - 365 = -3*b + 319. Let h = s + -102. What is the units digit of h?
9
Let h be 3/6*(-6 + 6). Suppose -4*x + 2*s + 312 = 0, -164 = -2*x - h